{"id":8,"date":"2016-06-02T12:10:37","date_gmt":"2016-06-02T12:10:37","guid":{"rendered":"http:\/\/reyescatolicos.blogs.uva.es\/?page_id=8"},"modified":"2020-08-26T15:57:51","modified_gmt":"2020-08-26T15:57:51","slug":"informacion","status":"publish","type":"page","link":"https:\/\/reyescatolicos.uva.es\/pt\/informacion\/","title":{"rendered":"Informaci\u00f3n"},"content":{"rendered":"<p><\/p>\n<p>Residencia Universitaria Reyes Cat\u00f3licos<br \/>\nC\/ Teresa Gil, 13. 47002 Valldolid (Espa\u00f1a)<br \/>\nTlf +34 983 423 543<br \/>\nFax +34 983 423 542<\/p>\n<p><a href=\"mailto:ru.reyes.catolicos@uva.es\">ru.reyes.catolicos@uva.es<\/a><\/p>\n<p>La Residencia Universitaria de Postgrado &#8220;Reyes Cat\u00f3licos&#8221; se encuentra situada en la Calle Teresa Gil, en pleno centro de Valladolid, entre la Plaza Mayor y la Plaza de Espa\u00f1a, a escasa distancia del Palacio de Santa Cruz, (sede del Rectorado de la Universidad de Valladolid), y del edificio hist\u00f3rico de la Universidad, (actual Facultad de Derecho).<\/p>\n<p>La R. U. P. &#8220;Reyes Cat\u00f3licos&#8221; es una residencia mixta, con capacidad para 89 personas en 75 habitaciones individuales y 7 habitaciones dobles, todas ellas con su correspondiente cuarto de ba\u00f1o, tel\u00e9fono y conexi\u00f3n gratuita a Internet. Algunas de ellas con televisi\u00f3n y frigor\u00edfico.<\/p>\n<p>La Residencia cuenta con cafeter\u00eda-restaurante, aula de inform\u00e1tica, sala de conferencias, sala de estudio, sala de actividades socioculturales y lavander\u00eda.<\/p>\n<p><strong>La Residencia permanece abierta durante todos los d\u00edas las 24 horas<\/strong>.<\/p>","protected":false},"excerpt":{"rendered":"<p>Residencia Universitaria Reyes Cat\u00f3licos C\/ Teresa Gil, 13. 47002 Valldolid (Espa\u00f1a) Tlf +34 983 423 543 Fax +34 983 423 542 ru.reyes.catolicos@uva.es La Residencia Universitaria [&hellip;]<\/p>\n","protected":false},"author":4,"featured_media":0,"parent":0,"menu_order":0,"comment_status":"closed","ping_status":"closed","template":"","meta":{"footnotes":""},"class_list":["post-8","page","type-page","status-publish","hentry"],"_links":{"self":[{"href":"https:\/\/reyescatolicos.uva.es\/pt\/wp-json\/wp\/v2\/pages\/8","targetHints":{"allow":["GET"]}}],"collection":[{"href":"https:\/\/reyescatolicos.uva.es\/pt\/wp-json\/wp\/v2\/pages"}],"about":[{"href":"https:\/\/reyescatolicos.uva.es\/pt\/wp-json\/wp\/v2\/types\/page"}],"author":[{"embeddable":true,"href":"https:\/\/reyescatolicos.uva.es\/pt\/wp-json\/wp\/v2\/users\/4"}],"replies":[{"embeddable":true,"href":"https:\/\/reyescatolicos.uva.es\/pt\/wp-json\/wp\/v2\/comments?post=8"}],"version-history":[{"count":0,"href":"https:\/\/reyescatolicos.uva.es\/pt\/wp-json\/wp\/v2\/pages\/8\/revisions"}],"wp:attachment":[{"href":"https:\/\/reyescatolicos.uva.es\/pt\/wp-json\/wp\/v2\/media?parent=8"}],"curies":[{"name":"wp","href":"https:\/\/api.w.org\/{rel}","templated":true}]}}

Información

<p></p>
<p>Residencia Universitaria Reyes Católicos<br />
C/ Teresa Gil, 13. 47002 Valldolid (España)<br />
Tlf +34 983 423 543<br />
Fax +34 983 423 542</p>
<p><a href="mailto:ru.reyes.catolicos@uva.es">ru.reyes.catolicos@uva.es</a></p>
<p>La Residencia Universitaria de Postgrado &#8220;Reyes Católicos&#8221; se encuentra situada en la Calle Teresa Gil, en pleno centro de Valladolid, entre la Plaza Mayor y la Plaza de España, a escasa distancia del Palacio de Santa Cruz, (sede del Rectorado de la Universidad de Valladolid), y del edificio histórico de la Universidad, (actual Facultad de Derecho).</p>
<p>La R. U. P. &#8220;Reyes Católicos&#8221; es una residencia mixta, con capacidad para 89 personas en 75 habitaciones individuales y 7 habitaciones dobles, todas ellas con su correspondiente cuarto de baño, teléfono y conexión gratuita a Internet. Algunas de ellas con televisión y frigorífico.</p>
<p>La Residencia cuenta con cafetería-restaurante, aula de informática, sala de conferencias, sala de estudio, sala de actividades socioculturales y lavandería.</p>
<p><strong>La Residencia permanece abierta durante todos los días las 24 horas</strong>.</p>

<p>Residencia Universitaria Reyes Católicos C/ Teresa Gil, 13. 47002 Valldolid (España) Tlf +34 983 423 543 Fax +34 983 423 542 ru.reyes.catolicos@uva.es La Residencia Universitaria [&hellip;]</p>
